4). Let m(l) = l**2 - 11*l - 10. List the prime factors of m(v).
2
List the prime factors of -10 + (-10 - (10 + -1695)).
3, 5, 37
Let s(l) = -83*l - 177. List the prime factors of s(-11).
2, 23
Let f be ((-21)/(-12))/(3/12). Let n(h) be the first derivative of h**4/4 - 7*h**3/3 + 11*h**2/2 - 8*h - 5. List the prime factors of n(f).
3, 23
What are the prime factors of (-61)/2*1368/(-19)?
2, 3, 61
Let c = 68 + -66. What are the prime factors of (4/3 + c + -3)*753?
251
Suppose 2*n = -4*k + 3920, n - 2962 = -3*k + 5*n. List the prime factors of k.
2, 491
Let p(l) = -74*l - 1. Let h be p(-1). Let a = h - 55. List the prime factors of a.
2, 3
Let r(l) be the second derivative of l**5/5 + l**4/12 + l**3 - 3*l**2/2 + 21*l. What are the prime factors of r(3)?
2, 3, 11
Suppose 5*m + 3 + 17 = 0. Let w be (-2)/(-1) - 8/m. Suppose w*d = -0*d + 84. List the prime factors of d.
3, 7
Let b = 27 - -289. List the prime factors of b.
2, 79
Let f = 570 - 350. Suppose -3*h + f = 2*h. List the prime factors of h.
2, 11
Let n = -3118 - -6935. List the prime factors of n.
11, 347
Suppose -5*d = 5*p - 19610, -2*p = -5*d + d - 7844. What are the prime factors of p?
2, 37, 53
Let w = 75 - 73. Suppose -3*o - w*o = -40. What are the prime factors of o?
2
Suppose -2*j + 4*i + 3197 = -1061, i - 4253 = -2*j. List the prime factors of j.
3, 709
Let z = 76 - -211. List the prime factors of z.
7, 41
Suppose -880*l + 864*l + 12112 = 0. List the prime factors of l.
757
Suppose 25652 = 16*q + 1236. What are the prime factors of q?
2, 7, 109
Let t(v) = 4*v - 4*v - 1 - 3*v. Let i be t(-4). Suppose i*x = 6*x + 40. What are the prime factors of x?
2
Let f = -45 - -52. Suppose -9*x = -f*x - 86. What are the prime factors of x?
43
Let a(y) be the third derivative of -y**6/120 + 2*y**5/15 + y**4/3 + 3*y**3/2 - 5*y**2. Let h be a(9). What are the prime factors of (h + 1)/((-5)/(-10))?
2
Let q be (-7896)/(-18) + 1 + (-15)/9. Suppose 0 = -5*f + a + q, -4 = -0*a - 2*a. What are the prime factors of f?
2, 11
Let u(c) = -1462*c - 1. What are the prime factors of u(-1)?
3, 487
Let o = 39 - -1907. List the prime factors of o.
2, 7, 139
Suppose 4*q - d = -57, 4*q + 61 = 6*d - d. Let s(r) = r**3 + 13*r**2 - 15*r + 17. List the prime factors of s(q).
31
Suppose -2*r = -4*s - 76, -3*r = r - 4*s - 136. Let q(c) = 2*c - 13. List the prime factors of q(r).
47
List the prime factors of ((-203)/(-87))/((-1)/3) + 2709.
2, 7, 193
Suppose 804 = -574*f + 580*f. What are the prime factors of f?
2, 67
Suppose -4229 + 19006 = 7*u. What are the prime factors of u?
2111
Let v(r) = -4*r + 383. List the prime factors of v(66).
7, 17
Suppose 2*l + 5*l - 3143 = 0. What are the prime factors of l?
449
Let s(n) = -40*n + 1. Let d = 27 - 27. Let u be (d - 4 - -3)*1. What are the prime factors of s(u)?
41
Suppose 4*y - 2*y = 8. Let o(x) = x**3 - 2*x**2 + 2*x + 5. Let a be o(y). Let n = a - 24. List the prime factors of n.
3, 7
Let s(u) = -20*u + 4. Let x be s(-2). Suppose 4*h - 280 = -x. What are the prime factors of h?
59
Suppose 0 = 5*b - 9*l + 6*l - 2523, -5*b - 3*l + 2547 = 0. What are the prime factors of b?
3, 13
Let k be 9 - (-1 + 4 - -2 - 2). Suppose -148 = -k*f + 170. What are the prime factors of f?
53
List the prime factors of 1/((-6)/(-21669 - -3)).
23, 157
Suppose -7*m + 3*m = 560. Let f(x) = x**2 + 18*x + 7. Let p be f(-26). Let b = m + p. What are the prime factors of b?
3, 5
Suppose 4*s + 67 + 168 = -o, -4*o - 907 = 5*s. What are the prime factors of o/(-3) - 22/(-33)?
3, 5
Suppose -282 = -2*r + j - 0*j, -5*j - 710 = -5*r. Suppose 2*m - 2*u - r - 48 = 0, -2*u - 93 = -m. List the prime factors of m.
5, 19
Let m(c) = c**3 + 6*c**2 - 3*c + 13. Let w be m(-5). Suppose 4*q = -h - 22 + w, 5*h - 65 = -2*q. What are the prime factors of h?
11
List the prime factors of -7 + 143*8/4.
3, 31
Let i = 49 + -46. List the prime factors of (4 - -2)/(i*(-2)/(-15)).
3, 5
Suppose -213 + 33 = 5*i. Let o = -38 - i. What are the prime factors of 392/12 - o/6?
3, 11
Let n = 2726 - 1043. What are the prime factors of n?
3, 11, 17
Let p = 28 - 25. Let k(u) = 2*u**3 - u**2 - u - 7. What are the prime factors of k(p)?
5, 7
Let p be (2/5)/((-3)/15). Let x be 1 + (-48)/(-2 + p). Suppose f - x = -z, 45 = 3*f - 3*z + 6. What are the prime factors of f?
13
Let s(t) = 16*t**2 + 49*t - 378. List the prime factors of s(10).
2, 107
Suppose 4*n - 2*k + 318 = 0, 3*n = k - 4*k - 225. Let i be (n/(-9))/((-2)/(-3)). Let z = 24 - i. List the prime factors of z.
11
Let v(c) = -c**3 + 5*c**2 - 2*c - 3. Suppose -5*d - 77 = 3*f, 9*d - 4*d + 5*f = -85. Let j = 16 + d. List the prime factors of v(j).
3
Let h = 847 - 414. What are the prime factors of h?
433
Let x = 2642 - -841. List the prime factors of x.
3, 43
Suppose 4*f = -4*l + 157 + 379, -f - 394 = -3*l. List the prime factors of l.
2, 3, 11
Let b be ((-26)/6 + -1)/(18/(-27)). Let p = b + 44. List the prime factors of p.
2, 13
Let j(c) = 27*c - 2. Let k be j(1). Let o = 30 - k. Suppose -o*b = 3*i - 80, 2*i - 3*i = -4*b - 38. List the prime factors of i.
2, 3, 5
Let b be -18*(22/(-6) - 3). Suppose x + 3*x - b = 0. Suppose 12 = 2*r + 4*a, 2*a - 40 = -5*r + x. List the prime factors of r.
2
Suppose 0 = 3*w, -68 + 326 = 3*l + 3*w. Let r = -30 + l. List the prime factors of r.
2, 7
Let h = 6550 + -2432. List the prime factors of h.
2, 29, 71
What are the prime factors of (-9 + 325)/(1 - -1)?
2, 79
Let b(i) = -i**3 - 6*i**2 + 8*i + 4. Let k be b(-7). Let g be (k - 3)/((-2)/10). What are the prime factors of ((-20)/g)/(2/(-84))?
2, 7
Suppose 2*z - 231 = -n, -6*z + 582 = -z - 2*n. List the prime factors of z - 6/(-2)*1.
7, 17
Let t = -1 + 5. Suppose -3*r + t*r = 5. Suppose -4*g + 4 = -3*m + 71, -r*m + 107 = -2*g. What are the prime factors of m?
3, 7
Suppose 6*c = 4*c + 6, -4*c = g - 17. What are the prime factors of 1684/20 + (-1)/g?
2, 3, 7
List the prime factors of -6 - -5 - (-992)/(5 + -3).
3, 5, 11
Let r(c) = 18*c**2 - 5*c + 5. Let h be r(4). Suppose -3*v + 209 = -4*g, 4*v - h + 1 = 4*g. List the prime factors of v.
3, 7
What are the prime factors of 2 + (474 - 2*(-6)/(-3))?
2, 59
Let g(m) = m**3 - 11*m**2 - 10*m - 16. Let o be g(-7). What are the prime factors of 2/(-14) - o/161?
5
Let r = 391 - -118. List the prime factors of r.
509
Suppose 4*b = 6 + 26. Suppose -2*n = -b*n + 312. What are the prime factors of n?
2, 13
Suppose 7*q + 159 = 8*q + 4*d, -d - 653 = -4*q. List the prime factors of q.
163
Let p = 52 - 49. Suppose -66 = -p*w - 0*w. List the prime factors of w.
2, 11
Let y(n) = -10*n + 13. Let i be y(-7). Suppose b = -1 + i. What are the prime factors of b?
2, 41
Suppose 20*k = 13*k + 3878. What are the prime factors of k?
2, 277
Let w = -10 - -14. Suppose w*b + 35 = 5*b. Let i = -18 + b. List the prime factors of i.
17
Let u(y) = y**2 - 8*y + 5. Let g(z) = -7*z - 7*z - 11 + 10*z. Let c be g(-6). What are the prime factors of u(c)?
2, 5, 7
Suppose 0 = -2*n - t + 2571, n - 1085 = 5*t + 173. What are the prime factors of n?
1283
Let h(z) = 697*z**2 + 95*z - 96. What are the prime factors of h(1)?
2, 3, 29
Let t = -146 + 506. List the prime factors of t.
2, 3, 5
Suppose -4*n + 6*n = 2*d - 56, 0 = -3*d - 2*n + 74. Let a(v) = v**2 - 20*v - 28. What are the prime factors of a(d)?
2
What are the prime factors of (-7 + 6)/((-3)/1458)?
2, 3
Let l(t) = t**3 + 11*t**2 + 5. Let v be l(-11). Suppose v*x = 3*x + 8. Suppose 2*n - x = 6*n, 0 = 5*f - 3*n - 133. List the prime factors of f.
2, 13
Let i be 46/(-4)*(-318)/3. Suppose 83 = 7*b - i. What are the prime factors of b?
2, 3, 31
Let m = 3726 - -630. What are the prime factors of m?
2, 3, 11
Suppose -6053 = -6*u - 1955. List the prime factors of u.
683
Suppose 0*k + k = 586. List the prime factors of k.
2, 293
Suppose -510 = -24*i + 21*i. What are the prime factors of (3 + -3)/(-1) - (6 - i)?
2, 41
Let y be (18/45)/(2/70). List the prime factors of ((-12)/y)/((-3)/14).
2
Suppose 797 = 6*d - 3121. List the prime factors of d.
653
Let l = 857 + -484. List the prime factors of l.
373
Let s = 27 + -28. Let q(p) = -85*p**2 - 3*p - 2. Let t be q(s). Let g = t - -142. What are the prime factors of g?
2, 29
Let c = -1064 + 1535. List the prime factors of c.
3, 157
Let b(x) = -x**2 + 20*x - 19. Let a be b(19). Let l(v) = -v**2 - v - 4. Let r be l(a). List 